{"id":38,"date":"2016-10-20T09:51:38","date_gmt":"2016-10-20T09:51:38","guid":{"rendered":"http:\/\/carvan.ee\/?page_id=38"},"modified":"2025-02-10T19:17:18","modified_gmt":"2025-02-10T19:17:18","slug":"puksiir","status":"publish","type":"page","link":"http:\/\/www.carvan.ee\/index.php\/puksiir\/","title":{"rendered":"Puksiir"},"content":{"rendered":"\n<div class=\"wp-block-group\"><div class=\"wp-block-group__inner-container is-layout-constrained wp-block-group-is-layout-constrained\">\n<div class=\"wp-block-columns is-layout-flex wp-container-core-columns-is-layout-9d6595d7 wp-block-columns-is-layout-flex\">\n<div class=\"wp-block-column is-layout-flow wp-block-column-is-layout-flow\" style=\"flex-basis:100%\">\n<figure class=\"wp-block-gallery has-nested-images columns-default is-cropped wp-block-gallery-1 is-layout-flex wp-block-gallery-is-layout-flex\">\n<figure class=\"wp-block-image size-large\"><img loading=\"lazy\" decoding=\"async\" width=\"1024\" height=\"768\" data-id=\"101\" src=\"http:\/\/carvan.ee\/wp-content\/uploads\/2023\/02\/20230227_144150-1024x768.jpg\" alt=\"\" class=\"wp-image-101\" srcset=\"http:\/\/www.carvan.ee\/wp-content\/uploads\/2023\/02\/20230227_144150-1024x768.jpg 1024w, http:\/\/www.carvan.ee\/wp-content\/uploads\/2023\/02\/20230227_144150-300x225.jpg 300w, http:\/\/www.carvan.ee\/wp-content\/uploads\/2023\/02\/20230227_144150-768x576.jpg 768w, http:\/\/www.carvan.ee\/wp-content\/uploads\/2023\/02\/20230227_144150-1536x1152.jpg 1536w, http:\/\/www.carvan.ee\/wp-content\/uploads\/2023\/02\/20230227_144150-2048x1536.jpg 2048w, http:\/\/www.carvan.ee\/wp-content\/uploads\/2023\/02\/20230227_144150-624x468.jpg 624w\" sizes=\"auto, (max-width: 1024px) 100vw, 1024px\" \/><\/figure>\n\n\n\n<figure class=\"wp-block-image size-large\"><img loading=\"lazy\" decoding=\"async\" width=\"1024\" height=\"768\" data-id=\"108\" src=\"http:\/\/carvan.ee\/wp-content\/uploads\/2023\/02\/20220810_132931-1024x768.jpg\" alt=\"\" class=\"wp-image-108\" srcset=\"http:\/\/www.carvan.ee\/wp-content\/uploads\/2023\/02\/20220810_132931-1024x768.jpg 1024w, http:\/\/www.carvan.ee\/wp-content\/uploads\/2023\/02\/20220810_132931-300x225.jpg 300w, http:\/\/www.carvan.ee\/wp-content\/uploads\/2023\/02\/20220810_132931-768x576.jpg 768w, http:\/\/www.carvan.ee\/wp-content\/uploads\/2023\/02\/20220810_132931-1536x1152.jpg 1536w, http:\/\/www.carvan.ee\/wp-content\/uploads\/2023\/02\/20220810_132931-2048x1536.jpg 2048w, http:\/\/www.carvan.ee\/wp-content\/uploads\/2023\/02\/20220810_132931-624x468.jpg 624w\" sizes=\"auto, (max-width: 1024px) 100vw, 1024px\" \/><\/figure>\n\n\n\n<figure class=\"wp-block-image size-large\"><img loading=\"lazy\" decoding=\"async\" width=\"1024\" height=\"768\" data-id=\"109\" src=\"http:\/\/carvan.ee\/wp-content\/uploads\/2023\/02\/20220810_140657-1024x768.jpg\" alt=\"\" class=\"wp-image-109\" srcset=\"http:\/\/www.carvan.ee\/wp-content\/uploads\/2023\/02\/20220810_140657-1024x768.jpg 1024w, http:\/\/www.carvan.ee\/wp-content\/uploads\/2023\/02\/20220810_140657-300x225.jpg 300w, http:\/\/www.carvan.ee\/wp-content\/uploads\/2023\/02\/20220810_140657-768x576.jpg 768w, http:\/\/www.carvan.ee\/wp-content\/uploads\/2023\/02\/20220810_140657-1536x1152.jpg 1536w, http:\/\/www.carvan.ee\/wp-content\/uploads\/2023\/02\/20220810_140657-2048x1536.jpg 2048w, http:\/\/www.carvan.ee\/wp-content\/uploads\/2023\/02\/20220810_140657-624x468.jpg 624w\" sizes=\"auto, (max-width: 1024px) 100vw, 1024px\" \/><\/figure>\n\n\n\n<figure class=\"wp-block-image size-large\"><img loading=\"lazy\" decoding=\"async\" width=\"1024\" height=\"768\" data-id=\"110\" src=\"http:\/\/carvan.ee\/wp-content\/uploads\/2023\/02\/20220831_143758-1024x768.jpg\" alt=\"\" class=\"wp-image-110\" srcset=\"http:\/\/www.carvan.ee\/wp-content\/uploads\/2023\/02\/20220831_143758-1024x768.jpg 1024w, http:\/\/www.carvan.ee\/wp-content\/uploads\/2023\/02\/20220831_143758-300x225.jpg 300w, http:\/\/www.carvan.ee\/wp-content\/uploads\/2023\/02\/20220831_143758-768x576.jpg 768w, http:\/\/www.carvan.ee\/wp-content\/uploads\/2023\/02\/20220831_143758-1536x1152.jpg 1536w, http:\/\/www.carvan.ee\/wp-content\/uploads\/2023\/02\/20220831_143758-2048x1536.jpg 2048w, http:\/\/www.carvan.ee\/wp-content\/uploads\/2023\/02\/20220831_143758-624x468.jpg 624w\" sizes=\"auto, (max-width: 1024px) 100vw, 1024px\" \/><\/figure>\n\n\n\n<figure class=\"wp-block-image size-large\"><img loading=\"lazy\" decoding=\"async\" width=\"1024\" height=\"768\" data-id=\"105\" src=\"http:\/\/carvan.ee\/wp-content\/uploads\/2023\/02\/20230103_121644-1024x768.jpg\" alt=\"\" class=\"wp-image-105\" srcset=\"http:\/\/www.carvan.ee\/wp-content\/uploads\/2023\/02\/20230103_121644-1024x768.jpg 1024w, http:\/\/www.carvan.ee\/wp-content\/uploads\/2023\/02\/20230103_121644-300x225.jpg 300w, http:\/\/www.carvan.ee\/wp-content\/uploads\/2023\/02\/20230103_121644-768x576.jpg 768w, http:\/\/www.carvan.ee\/wp-content\/uploads\/2023\/02\/20230103_121644-1536x1152.jpg 1536w, http:\/\/www.carvan.ee\/wp-content\/uploads\/2023\/02\/20230103_121644-2048x1536.jpg 2048w, http:\/\/www.carvan.ee\/wp-content\/uploads\/2023\/02\/20230103_121644-624x468.jpg 624w\" sizes=\"auto, (max-width: 1024px) 100vw, 1024px\" \/><\/figure>\n\n\n\n<figure class=\"wp-block-image size-large\"><img loading=\"lazy\" decoding=\"async\" width=\"1024\" height=\"768\" data-id=\"104\" src=\"http:\/\/carvan.ee\/wp-content\/uploads\/2023\/02\/20221121_125320-1024x768.jpg\" alt=\"\" class=\"wp-image-104\" srcset=\"http:\/\/www.carvan.ee\/wp-content\/uploads\/2023\/02\/20221121_125320-1024x768.jpg 1024w, http:\/\/www.carvan.ee\/wp-content\/uploads\/2023\/02\/20221121_125320-300x225.jpg 300w, http:\/\/www.carvan.ee\/wp-content\/uploads\/2023\/02\/20221121_125320-768x576.jpg 768w, http:\/\/www.carvan.ee\/wp-content\/uploads\/2023\/02\/20221121_125320-1536x1152.jpg 1536w, http:\/\/www.carvan.ee\/wp-content\/uploads\/2023\/02\/20221121_125320-2048x1536.jpg 2048w, http:\/\/www.carvan.ee\/wp-content\/uploads\/2023\/02\/20221121_125320-624x468.jpg 624w\" sizes=\"auto, (max-width: 1024px) 100vw, 1024px\" \/><\/figure>\n\n\n\n<figure class=\"wp-block-image size-large\"><img loading=\"lazy\" decoding=\"async\" width=\"1024\" height=\"768\" data-id=\"102\" src=\"http:\/\/carvan.ee\/wp-content\/uploads\/2023\/02\/20221029_112817-1024x768.jpg\" alt=\"\" class=\"wp-image-102\" srcset=\"http:\/\/www.carvan.ee\/wp-content\/uploads\/2023\/02\/20221029_112817-1024x768.jpg 1024w, http:\/\/www.carvan.ee\/wp-content\/uploads\/2023\/02\/20221029_112817-300x225.jpg 300w, http:\/\/www.carvan.ee\/wp-content\/uploads\/2023\/02\/20221029_112817-768x576.jpg 768w, http:\/\/www.carvan.ee\/wp-content\/uploads\/2023\/02\/20221029_112817-1536x1152.jpg 1536w, http:\/\/www.carvan.ee\/wp-content\/uploads\/2023\/02\/20221029_112817-2048x1536.jpg 2048w, http:\/\/www.carvan.ee\/wp-content\/uploads\/2023\/02\/20221029_112817-624x468.jpg 624w\" sizes=\"auto, (max-width: 1024px) 100vw, 1024px\" \/><\/figure>\n\n\n\n<figure class=\"wp-block-image size-large\"><img loading=\"lazy\" decoding=\"async\" width=\"1024\" height=\"768\" data-id=\"100\" src=\"http:\/\/carvan.ee\/wp-content\/uploads\/2023\/02\/20230214_212913-1024x768.jpg\" alt=\"\" class=\"wp-image-100\" srcset=\"http:\/\/www.carvan.ee\/wp-content\/uploads\/2023\/02\/20230214_212913-1024x768.jpg 1024w, http:\/\/www.carvan.ee\/wp-content\/uploads\/2023\/02\/20230214_212913-300x225.jpg 300w, http:\/\/www.carvan.ee\/wp-content\/uploads\/2023\/02\/20230214_212913-768x576.jpg 768w, http:\/\/www.carvan.ee\/wp-content\/uploads\/2023\/02\/20230214_212913-1536x1152.jpg 1536w, http:\/\/www.carvan.ee\/wp-content\/uploads\/2023\/02\/20230214_212913-2048x1536.jpg 2048w, http:\/\/www.carvan.ee\/wp-content\/uploads\/2023\/02\/20230214_212913-624x468.jpg 624w\" sizes=\"auto, (max-width: 1024px) 100vw, 1024px\" \/><\/figure>\n\n\n\n<figure class=\"wp-block-image size-large\"><img loading=\"lazy\" decoding=\"async\" width=\"1024\" height=\"768\" data-id=\"99\" src=\"http:\/\/carvan.ee\/wp-content\/uploads\/2023\/02\/20230208_083539-1024x768.jpg\" alt=\"\" class=\"wp-image-99\" srcset=\"http:\/\/www.carvan.ee\/wp-content\/uploads\/2023\/02\/20230208_083539-1024x768.jpg 1024w, http:\/\/www.carvan.ee\/wp-content\/uploads\/2023\/02\/20230208_083539-300x225.jpg 300w, http:\/\/www.carvan.ee\/wp-content\/uploads\/2023\/02\/20230208_083539-768x576.jpg 768w, http:\/\/www.carvan.ee\/wp-content\/uploads\/2023\/02\/20230208_083539-1536x1152.jpg 1536w, http:\/\/www.carvan.ee\/wp-content\/uploads\/2023\/02\/20230208_083539-2048x1536.jpg 2048w, http:\/\/www.carvan.ee\/wp-content\/uploads\/2023\/02\/20230208_083539-624x468.jpg 624w\" sizes=\"auto, (max-width: 1024px) 100vw, 1024px\" \/><\/figure>\n\n\n\n<figure class=\"wp-block-image size-large\"><img loading=\"lazy\" decoding=\"async\" width=\"1024\" height=\"768\" data-id=\"98\" src=\"http:\/\/carvan.ee\/wp-content\/uploads\/2023\/02\/20230202_161744-1024x768.jpg\" alt=\"\" class=\"wp-image-98\" srcset=\"http:\/\/www.carvan.ee\/wp-content\/uploads\/2023\/02\/20230202_161744-1024x768.jpg 1024w, http:\/\/www.carvan.ee\/wp-content\/uploads\/2023\/02\/20230202_161744-300x225.jpg 300w, http:\/\/www.carvan.ee\/wp-content\/uploads\/2023\/02\/20230202_161744-768x576.jpg 768w, http:\/\/www.carvan.ee\/wp-content\/uploads\/2023\/02\/20230202_161744-1536x1152.jpg 1536w, http:\/\/www.carvan.ee\/wp-content\/uploads\/2023\/02\/20230202_161744-2048x1536.jpg 2048w, http:\/\/www.carvan.ee\/wp-content\/uploads\/2023\/02\/20230202_161744-624x468.jpg 624w\" sizes=\"auto, (max-width: 1024px) 100vw, 1024px\" \/><\/figure>\n\n\n\n<figure class=\"wp-block-image size-large\"><img loading=\"lazy\" decoding=\"async\" width=\"1024\" height=\"768\" data-id=\"97\" src=\"http:\/\/carvan.ee\/wp-content\/uploads\/2023\/02\/20230125_135532-1024x768.jpg\" alt=\"\" class=\"wp-image-97\" srcset=\"http:\/\/www.carvan.ee\/wp-content\/uploads\/2023\/02\/20230125_135532-1024x768.jpg 1024w, http:\/\/www.carvan.ee\/wp-content\/uploads\/2023\/02\/20230125_135532-300x225.jpg 300w, http:\/\/www.carvan.ee\/wp-content\/uploads\/2023\/02\/20230125_135532-768x576.jpg 768w, http:\/\/www.carvan.ee\/wp-content\/uploads\/2023\/02\/20230125_135532-1536x1152.jpg 1536w, http:\/\/www.carvan.ee\/wp-content\/uploads\/2023\/02\/20230125_135532-2048x1536.jpg 2048w, http:\/\/www.carvan.ee\/wp-content\/uploads\/2023\/02\/20230125_135532-624x468.jpg 624w\" sizes=\"auto, (max-width: 1024px) 100vw, 1024px\" \/><\/figure>\n\n\n\n<figure class=\"wp-block-image size-large\"><img loading=\"lazy\" decoding=\"async\" width=\"1024\" height=\"768\" data-id=\"94\" src=\"http:\/\/carvan.ee\/wp-content\/uploads\/2023\/02\/20230110_132546-1024x768.jpg\" alt=\"\" class=\"wp-image-94\" srcset=\"http:\/\/www.carvan.ee\/wp-content\/uploads\/2023\/02\/20230110_132546-1024x768.jpg 1024w, http:\/\/www.carvan.ee\/wp-content\/uploads\/2023\/02\/20230110_132546-300x225.jpg 300w, http:\/\/www.carvan.ee\/wp-content\/uploads\/2023\/02\/20230110_132546-768x576.jpg 768w, http:\/\/www.carvan.ee\/wp-content\/uploads\/2023\/02\/20230110_132546-1536x1152.jpg 1536w, http:\/\/www.carvan.ee\/wp-content\/uploads\/2023\/02\/20230110_132546-2048x1536.jpg 2048w, http:\/\/www.carvan.ee\/wp-content\/uploads\/2023\/02\/20230110_132546-624x468.jpg 624w\" sizes=\"auto, (max-width: 1024px) 100vw, 1024px\" \/><\/figure>\n\n\n\n<figure class=\"wp-block-image size-large\"><img loading=\"lazy\" decoding=\"async\" width=\"1024\" height=\"768\" data-id=\"95\" src=\"http:\/\/carvan.ee\/wp-content\/uploads\/2023\/02\/20230116_124758-1024x768.jpg\" alt=\"\" class=\"wp-image-95\" srcset=\"http:\/\/www.carvan.ee\/wp-content\/uploads\/2023\/02\/20230116_124758-1024x768.jpg 1024w, http:\/\/www.carvan.ee\/wp-content\/uploads\/2023\/02\/20230116_124758-300x225.jpg 300w, http:\/\/www.carvan.ee\/wp-content\/uploads\/2023\/02\/20230116_124758-768x576.jpg 768w, http:\/\/www.carvan.ee\/wp-content\/uploads\/2023\/02\/20230116_124758-1536x1152.jpg 1536w, http:\/\/www.carvan.ee\/wp-content\/uploads\/2023\/02\/20230116_124758-2048x1536.jpg 2048w, http:\/\/www.carvan.ee\/wp-content\/uploads\/2023\/02\/20230116_124758-624x468.jpg 624w\" sizes=\"auto, (max-width: 1024px) 100vw, 1024px\" \/><\/figure>\n\n\n\n<figure class=\"wp-block-image size-large\"><img loading=\"lazy\" decoding=\"async\" width=\"1024\" height=\"768\" data-id=\"106\" src=\"http:\/\/carvan.ee\/wp-content\/uploads\/2023\/02\/20230103_182326-1024x768.jpg\" alt=\"\" class=\"wp-image-106\" srcset=\"http:\/\/www.carvan.ee\/wp-content\/uploads\/2023\/02\/20230103_182326-1024x768.jpg 1024w, http:\/\/www.carvan.ee\/wp-content\/uploads\/2023\/02\/20230103_182326-300x225.jpg 300w, http:\/\/www.carvan.ee\/wp-content\/uploads\/2023\/02\/20230103_182326-768x576.jpg 768w, http:\/\/www.carvan.ee\/wp-content\/uploads\/2023\/02\/20230103_182326-1536x1152.jpg 1536w, http:\/\/www.carvan.ee\/wp-content\/uploads\/2023\/02\/20230103_182326-2048x1536.jpg 2048w, http:\/\/www.carvan.ee\/wp-content\/uploads\/2023\/02\/20230103_182326-624x468.jpg 624w\" sizes=\"auto, (max-width: 1024px) 100vw, 1024px\" \/><\/figure>\n\n\n\n<figure class=\"wp-block-image size-large\"><img loading=\"lazy\" decoding=\"async\" width=\"1024\" height=\"768\" data-id=\"107\" src=\"http:\/\/carvan.ee\/wp-content\/uploads\/2023\/02\/20220809_160916-1024x768.jpg\" alt=\"\" class=\"wp-image-107\" srcset=\"http:\/\/www.carvan.ee\/wp-content\/uploads\/2023\/02\/20220809_160916-1024x768.jpg 1024w, http:\/\/www.carvan.ee\/wp-content\/uploads\/2023\/02\/20220809_160916-300x225.jpg 300w, http:\/\/www.carvan.ee\/wp-content\/uploads\/2023\/02\/20220809_160916-768x576.jpg 768w, http:\/\/www.carvan.ee\/wp-content\/uploads\/2023\/02\/20220809_160916-1536x1152.jpg 1536w, http:\/\/www.carvan.ee\/wp-content\/uploads\/2023\/02\/20220809_160916-2048x1536.jpg 2048w, http:\/\/www.carvan.ee\/wp-content\/uploads\/2023\/02\/20220809_160916-624x468.jpg 624w\" sizes=\"auto, (max-width: 1024px) 100vw, 1024px\" \/><\/figure>\n\n\n\n<figure class=\"wp-block-image size-large\"><img loading=\"lazy\" decoding=\"async\" width=\"1024\" height=\"768\" data-id=\"103\" src=\"http:\/\/carvan.ee\/wp-content\/uploads\/2023\/02\/20221116_213003-1024x768.jpg\" alt=\"\" class=\"wp-image-103\" srcset=\"http:\/\/www.carvan.ee\/wp-content\/uploads\/2023\/02\/20221116_213003-1024x768.jpg 1024w, http:\/\/www.carvan.ee\/wp-content\/uploads\/2023\/02\/20221116_213003-300x225.jpg 300w, http:\/\/www.carvan.ee\/wp-content\/uploads\/2023\/02\/20221116_213003-768x576.jpg 768w, http:\/\/www.carvan.ee\/wp-content\/uploads\/2023\/02\/20221116_213003-1536x1152.jpg 1536w, http:\/\/www.carvan.ee\/wp-content\/uploads\/2023\/02\/20221116_213003-2048x1536.jpg 2048w, http:\/\/www.carvan.ee\/wp-content\/uploads\/2023\/02\/20221116_213003-624x468.jpg 624w\" sizes=\"auto, (max-width: 1024px) 100vw, 1024px\" \/><\/figure>\n<\/figure>\n<\/div>\n<\/div>\n<\/div><\/div>\n\n\n<p>Puksiirabi ja s\u00f5idukite vedu.<\/p>\n<p>Platvormi suurus 2,4m x 7,3m<\/p>\n<p>H\u00fcdrauliline vints.<\/p>\n<p>K\u00e4ivitusabi.<\/p>\n<p>Suru\u00f5hk 8bar<\/p>\n<p>Hinnakiri:<\/p>\n<p>Linnas alates 50.- veo hind s\u00f5ltub veo iseloomust ja veetavast s\u00f5idukist.<\/p>\n<p>Linnast v\u00e4ljas: S\u00f5iduauto \u00a00,85 \u20ac\/km<\/p>\n<p>Pakiautod\/bussid 0,95\u20ac\/km<\/p>\n<p>Puksiiri info telefonil +37255558678<\/p>\n<\/p>\n<p><img loading=\"lazy\" decoding=\"async\" class=\"alignnone wp-image-39 \" src=\"http:\/\/carvan.ee\/wp-content\/uploads\/2016\/10\/renault-midlum-220-auto-vedej_6120150_big.jpg\" alt=\"renault-midlum-220-auto-vedej_6120150_big\" width=\"702\" height=\"527\" srcset=\"http:\/\/www.carvan.ee\/wp-content\/uploads\/2016\/10\/renault-midlum-220-auto-vedej_6120150_big.jpg 800w, http:\/\/www.carvan.ee\/wp-content\/uploads\/2016\/10\/renault-midlum-220-auto-vedej_6120150_big-300x225.jpg 300w, http:\/\/www.carvan.ee\/wp-content\/uploads\/2016\/10\/renault-midlum-220-auto-vedej_6120150_big-768x576.jpg 768w\" sizes=\"auto, (max-width: 702px) 100vw, 702px\" \/><\/p>\n\n\n<p>Hindadele lisandub k\u00e4ibemaks!<\/p>\n\n\n\n<p><\/p>\n","protected":false},"excerpt":{"rendered":"<p>Puksiirabi ja s\u00f5idukite vedu. Platvormi suurus 2,4m x 7,3m H\u00fcdrauliline vints. K\u00e4ivitusabi. Suru\u00f5hk 8bar Hinnakiri: Linnas alates 50.- veo hind s\u00f5ltub veo iseloomust ja veetavast s\u00f5idukist. Linnast v\u00e4ljas: S\u00f5iduauto \u00a00,85 \u20ac\/km Pakiautod\/bussid 0,95\u20ac\/km Puksiiri info telefonil +37255558678 Hindadele lisandub k\u00e4ibemaks!<\/p>\n","protected":false},"author":1,"featured_media":0,"parent":0,"menu_order":0,"comment_status":"closed","ping_status":"closed","template":"","meta":{"footnotes":""},"class_list":["post-38","page","type-page","status-publish","hentry"],"yoast_head":"<!-- This site is optimized with the Yoast SEO plugin v24.4 - https:\/\/yoast.com\/wordpress\/plugins\/seo\/ -->\n<title>Puksiir, autoabi ja k\u00e4ivitusabi Harjumaal<\/title>\n<meta name=\"description\" content=\"Meilt saab puksiirabi, autoabi, k\u00e4ivitusabi\" \/>\n<meta name=\"robots\" content=\"index, follow, max-snippet:-1, max-image-preview:large, max-video-preview:-1\" \/>\n<link rel=\"canonical\" href=\"http:\/\/www.carvan.ee\/index.php\/puksiir\/\" \/>\n<meta property=\"og:locale\" content=\"et_EE\" \/>\n<meta property=\"og:type\" content=\"article\" \/>\n<meta property=\"og:title\" content=\"Puksiir, autoabi ja k\u00e4ivitusabi Harjumaal\" \/>\n<meta property=\"og:description\" content=\"Meilt saab puksiirabi, autoabi, k\u00e4ivitusabi\" \/>\n<meta property=\"og:url\" content=\"http:\/\/www.carvan.ee\/index.php\/puksiir\/\" \/>\n<meta property=\"og:site_name\" content=\"Carvan O\u00dc\" \/>\n<meta property=\"article:publisher\" content=\"https:\/\/www.facebook.com\/puksiirauto\/\" \/>\n<meta property=\"article:modified_time\" content=\"2025-02-10T19:17:18+00:00\" \/>\n<meta property=\"og:image\" content=\"http:\/\/carvan.ee\/wp-content\/uploads\/2023\/02\/20230227_144150-1024x768.jpg\" \/>\n<meta name=\"twitter:card\" content=\"summary_large_image\" \/>\n<meta name=\"twitter:label1\" content=\"Est. reading time\" \/>\n\t<meta name=\"twitter:data1\" content=\"4 minutit\" \/>\n<script type=\"application\/ld+json\" class=\"yoast-schema-graph\">{\"@context\":\"https:\/\/schema.org\",\"@graph\":[{\"@type\":\"WebPage\",\"@id\":\"http:\/\/www.carvan.ee\/index.php\/puksiir\/\",\"url\":\"http:\/\/www.carvan.ee\/index.php\/puksiir\/\",\"name\":\"Puksiir, autoabi ja k\u00e4ivitusabi Harjumaal\",\"isPartOf\":{\"@id\":\"https:\/\/carvan.ee\/#website\"},\"primaryImageOfPage\":{\"@id\":\"http:\/\/www.carvan.ee\/index.php\/puksiir\/#primaryimage\"},\"image\":{\"@id\":\"http:\/\/www.carvan.ee\/index.php\/puksiir\/#primaryimage\"},\"thumbnailUrl\":\"http:\/\/carvan.ee\/wp-content\/uploads\/2023\/02\/20230227_144150-1024x768.jpg\",\"datePublished\":\"2016-10-20T09:51:38+00:00\",\"dateModified\":\"2025-02-10T19:17:18+00:00\",\"description\":\"Meilt saab puksiirabi, autoabi, k\u00e4ivitusabi\",\"breadcrumb\":{\"@id\":\"http:\/\/www.carvan.ee\/index.php\/puksiir\/#breadcrumb\"},\"inLanguage\":\"et\",\"potentialAction\":[{\"@type\":\"ReadAction\",\"target\":[\"http:\/\/www.carvan.ee\/index.php\/puksiir\/\"]}]},{\"@type\":\"ImageObject\",\"inLanguage\":\"et\",\"@id\":\"http:\/\/www.carvan.ee\/index.php\/puksiir\/#primaryimage\",\"url\":\"http:\/\/carvan.ee\/wp-content\/uploads\/2023\/02\/20230227_144150-1024x768.jpg\",\"contentUrl\":\"http:\/\/carvan.ee\/wp-content\/uploads\/2023\/02\/20230227_144150-1024x768.jpg\"},{\"@type\":\"BreadcrumbList\",\"@id\":\"http:\/\/www.carvan.ee\/index.php\/puksiir\/#breadcrumb\",\"itemListElement\":[{\"@type\":\"ListItem\",\"position\":1,\"name\":\"Home\",\"item\":\"https:\/\/www.carvan.ee\/\"},{\"@type\":\"ListItem\",\"position\":2,\"name\":\"Puksiir\"}]},{\"@type\":\"WebSite\",\"@id\":\"https:\/\/carvan.ee\/#website\",\"url\":\"https:\/\/carvan.ee\/\",\"name\":\"Carvan O\u00dc\",\"description\":\"\",\"potentialAction\":[{\"@type\":\"SearchAction\",\"target\":{\"@type\":\"EntryPoint\",\"urlTemplate\":\"https:\/\/carvan.ee\/?s={search_term_string}\"},\"query-input\":{\"@type\":\"PropertyValueSpecification\",\"valueRequired\":true,\"valueName\":\"search_term_string\"}}],\"inLanguage\":\"et\"}]}<\/script>\n<!-- \/ Yoast SEO plugin. -->","yoast_head_json":{"title":"Puksiir, autoabi ja k\u00e4ivitusabi Harjumaal","description":"Meilt saab puksiirabi, autoabi, k\u00e4ivitusabi","robots":{"index":"index","follow":"follow","max-snippet":"max-snippet:-1","max-image-preview":"max-image-preview:large","max-video-preview":"max-video-preview:-1"},"canonical":"http:\/\/www.carvan.ee\/index.php\/puksiir\/","og_locale":"et_EE","og_type":"article","og_title":"Puksiir, autoabi ja k\u00e4ivitusabi Harjumaal","og_description":"Meilt saab puksiirabi, autoabi, k\u00e4ivitusabi","og_url":"http:\/\/www.carvan.ee\/index.php\/puksiir\/","og_site_name":"Carvan O\u00dc","article_publisher":"https:\/\/www.facebook.com\/puksiirauto\/","article_modified_time":"2025-02-10T19:17:18+00:00","og_image":[{"url":"http:\/\/carvan.ee\/wp-content\/uploads\/2023\/02\/20230227_144150-1024x768.jpg","type":"","width":"","height":""}],"twitter_card":"summary_large_image","twitter_misc":{"Est. reading time":"4 minutit"},"schema":{"@context":"https:\/\/schema.org","@graph":[{"@type":"WebPage","@id":"http:\/\/www.carvan.ee\/index.php\/puksiir\/","url":"http:\/\/www.carvan.ee\/index.php\/puksiir\/","name":"Puksiir, autoabi ja k\u00e4ivitusabi Harjumaal","isPartOf":{"@id":"https:\/\/carvan.ee\/#website"},"primaryImageOfPage":{"@id":"http:\/\/www.carvan.ee\/index.php\/puksiir\/#primaryimage"},"image":{"@id":"http:\/\/www.carvan.ee\/index.php\/puksiir\/#primaryimage"},"thumbnailUrl":"http:\/\/carvan.ee\/wp-content\/uploads\/2023\/02\/20230227_144150-1024x768.jpg","datePublished":"2016-10-20T09:51:38+00:00","dateModified":"2025-02-10T19:17:18+00:00","description":"Meilt saab puksiirabi, autoabi, k\u00e4ivitusabi","breadcrumb":{"@id":"http:\/\/www.carvan.ee\/index.php\/puksiir\/#breadcrumb"},"inLanguage":"et","potentialAction":[{"@type":"ReadAction","target":["http:\/\/www.carvan.ee\/index.php\/puksiir\/"]}]},{"@type":"ImageObject","inLanguage":"et","@id":"http:\/\/www.carvan.ee\/index.php\/puksiir\/#primaryimage","url":"http:\/\/carvan.ee\/wp-content\/uploads\/2023\/02\/20230227_144150-1024x768.jpg","contentUrl":"http:\/\/carvan.ee\/wp-content\/uploads\/2023\/02\/20230227_144150-1024x768.jpg"},{"@type":"BreadcrumbList","@id":"http:\/\/www.carvan.ee\/index.php\/puksiir\/#breadcrumb","itemListElement":[{"@type":"ListItem","position":1,"name":"Home","item":"https:\/\/www.carvan.ee\/"},{"@type":"ListItem","position":2,"name":"Puksiir"}]},{"@type":"WebSite","@id":"https:\/\/carvan.ee\/#website","url":"https:\/\/carvan.ee\/","name":"Carvan O\u00dc","description":"","potentialAction":[{"@type":"SearchAction","target":{"@type":"EntryPoint","urlTemplate":"https:\/\/carvan.ee\/?s={search_term_string}"},"query-input":{"@type":"PropertyValueSpecification","valueRequired":true,"valueName":"search_term_string"}}],"inLanguage":"et"}]}},"_links":{"self":[{"href":"http:\/\/www.carvan.ee\/index.php\/wp-json\/wp\/v2\/pages\/38","targetHints":{"allow":["GET"]}}],"collection":[{"href":"http:\/\/www.carvan.ee\/index.php\/wp-json\/wp\/v2\/pages"}],"about":[{"href":"http:\/\/www.carvan.ee\/index.php\/wp-json\/wp\/v2\/types\/page"}],"author":[{"embeddable":true,"href":"http:\/\/www.carvan.ee\/index.php\/wp-json\/wp\/v2\/users\/1"}],"replies":[{"embeddable":true,"href":"http:\/\/www.carvan.ee\/index.php\/wp-json\/wp\/v2\/comments?post=38"}],"version-history":[{"count":5,"href":"http:\/\/www.carvan.ee\/index.php\/wp-json\/wp\/v2\/pages\/38\/revisions"}],"predecessor-version":[{"id":126,"href":"http:\/\/www.carvan.ee\/index.php\/wp-json\/wp\/v2\/pages\/38\/revisions\/126"}],"wp:attachment":[{"href":"http:\/\/www.carvan.ee\/index.php\/wp-json\/wp\/v2\/media?parent=38"}],"curies":[{"name":"wp","href":"https:\/\/api.w.org\/{rel}","templated":true}]}}